{"id":15,"date":"2025-10-22T10:41:49","date_gmt":"2025-10-22T10:41:49","guid":{"rendered":"https:\/\/borsvarlden.tacotech.se\/?page_id=15"},"modified":"2026-04-07T10:52:33","modified_gmt":"2026-04-07T10:52:33","slug":"lan","status":"publish","type":"page","link":"https:\/\/borsvarlden.tacotech.se\/lan\/","title":{"rendered":"L\u00e5n"},"content":{"rendered":"\n<h1 class=\"wp-block-heading\">J\u00e4mf\u00f6r l\u00e5n innan du l\u00e5nar pengar<\/h1>\n\n\n\n<p>Att l\u00e5na pengar inneb\u00e4r att du ing\u00e5r ett kreditavtal som innefattar att en summa pengar betalas ut till dig, och du tar p\u00e5 dig avsar att betala tillbaka beloppet genom amortering och r\u00e4nta enligt en best\u00e4md plan. F\u00f6r privatl\u00e5n g\u00f6rs en kreditpr\u00f6vning enligt Konsumentkreditlagen, d\u00e4r l\u00e5ngivaren bed\u00f6mer din inkomst, skulds\u00e4ttning, kreditbetyg och historik av betalningsanm\u00e4rkningar. Eftersom varje l\u00e5ngivare priss\u00e4tter risk olika \u00e4r det viktigt att j\u00e4mf\u00f6ra l\u00e5n innan du v\u00e4ljer ett erbjudande. Genom en j\u00e4mf\u00f6relsetj\u00e4nst kan du se skillnader i effektiv r\u00e4nta, avgifter och villkor baserat p\u00e5 en enda kreditupplysning.<\/p>\n\n\n\n<h2 class=\"wp-block-heading\">Hur fungerar det att l\u00e5na pengar?<\/h2>\n\n\n\n<p>Att l\u00e5na pengar b\u00f6rjar med att du anger l\u00e5nebelopp och \u00e5terbetalningstid. L\u00e5ngivaren tar sedan en kreditupplysning via exempelvis UC, Bisnode eller Creditsafe och g\u00f6r en helhetsbed\u00f6mning av din \u00e5terbetalningsf\u00f6rm\u00e5ga. De flesta och <a href=\"https:\/\/borsvarlden.tacotech.se\/lan\/basta-lanet\/\">b\u00e4sta privatl\u00e5nen<\/a> \u00e4r utan s\u00e4kerhet och kr\u00e4ver ingen kontantinsats, men har h\u00f6gre effektiv r\u00e4nta j\u00e4mf\u00f6rt med l\u00e5n med s\u00e4kerhet. R\u00e4ntan s\u00e4tts individuellt och p\u00e5verkas av faktorer som inkomst, anst\u00e4llningsform, skuldkvot och om du har betalningsanm\u00e4rkningar.<\/p>\n\n\n\n<p><strong>S\u00e5 h\u00e4r l\u00e5nar du pengar steg f\u00f6r steg:<\/strong><\/p>\n\n\n\n<ol class=\"wp-block-list\">\n<li>B\u00f6rja med att best\u00e4m hur mycket du vill l\u00e5na och hur snabbt du ska betala tillbaka det (l\u00e5na aldrig f\u00f6r mer \u00e4n du kan betala tillbaka)<\/li>\n\n\n\n<li>J\u00e4mf\u00f6r olika l\u00e5n och l\u00e5ngivare<\/li>\n\n\n\n<li>Skicka in din ans\u00f6kan (det kr\u00e4vs namn, personnummer, \u00f6nskat belopp och \u00e5terbetalningstid)<\/li>\n\n\n\n<li>Signera din ans\u00f6kan med BankID (det finns \u00e4ven <a href=\"https:\/\/borsvarlden.tacotech.se\/lan\/lan-utan-bankid\/\">l\u00e5n utan BankID<\/a>)<\/li>\n\n\n\n<li>Inv\u00e4nta svar<\/li>\n\n\n\n<li>Om godk\u00e4nd, acceptera ditt l\u00e5neerbjudande<\/li>\n\n\n\n<li>Inv\u00e4nta utbetalning<\/li>\n\n\n\n<li>Grattis! Du har nu f\u00e5tt ditt l\u00e5n utbetalat.<\/li>\n<\/ol>\n\n\n\n<h2 class=\"wp-block-heading\">Vad p\u00e5verkar r\u00e4ntan?<\/h2>\n\n\n\n<p>R\u00e4ntan du f\u00e5r p\u00e5verkas i grunden av din betalningsf\u00f6rm\u00e5ga och kreditv\u00e4rdighet. Men det \u00e4r \u00e4ven upp till olika l\u00e5ngivare. Antingen erbjuder l\u00e5ngivare individuella r\u00e4ntespann baserat p\u00e5 din kredit eller s\u00e5 erbjuder de en fast r\u00e4nta som du antingen kan bli nekad eller beviljad. Att <a href=\"https:\/\/borsvarlden.tacotech.se\/lan\/samla-lan\/\">samla flera l\u00e5n och krediter<\/a> kan ge dig en l\u00e4gre r\u00e4nta och \u00e4ven g\u00f6ra hanteringen smidigare av dina l\u00e5n.<\/p>\n\n\n\n<p>Se alla <a href=\"https:\/\/borsvarlden.tacotech.se\/lan\/lan-med-lag-ranta\/\">l\u00e5n med l\u00e5g r\u00e4nta<\/a>, vi har j\u00e4mf\u00f6rt b\u00e5de nominell och effektiv r\u00e4nta.<\/p>\n\n\n\n<p><strong>N\u00e5gra saker som p\u00e5verkar din r\u00e4nta n\u00e4r du l\u00e5nar pengar:<\/strong><\/p>\n\n\n\n<ul class=\"wp-block-list\">\n<li>Din inkomst<\/li>\n\n\n\n<li>Din skuldkvot<\/li>\n\n\n\n<li>Tidigare betalningsanm\u00e4rkningar<\/li>\n\n\n\n<li>Hur mycket du vill l\u00e5na<\/li>\n\n\n\n<li>Om du l\u00e5nar med eller utan s\u00e4kerhet<\/li>\n<\/ul>\n\n\n\n<p>R\u00e4ntan har en stor p\u00e5verkan p\u00e5 din totala l\u00e5nekostnad. Vid 250 000 kr med \u00e5terbetalningstid 6 \u00e5r och nominell r\u00e4nta 7,5 procent samt 495 kr i uppl\u00e4ggningsavgift blir m\u00e5nadskostnaden cirka 4 338 kr. Den totala r\u00e4ntekostnaden blir cirka 57 000 kr, och den effektiva r\u00e4ntan blir n\u00e5got h\u00f6gre \u00e4n den nominella p\u00e5 grund av avgifterna.<\/p>\n\n\n\n<h2 class=\"wp-block-heading\">Krav f\u00f6r att l\u00e5na pengar<\/h2>\n\n\n\n<p>Att l\u00e5na pengar \u00e4r idag mycket vanligt och de flesta har en m\u00f6jlighet att g\u00f6ra det. En l\u00e5ngivare har enligt lag ett ansvar att kontrollera dig som tar l\u00e5n och att du har en betalningsf\u00f6rm\u00e5ga. Din betalningsf\u00f6rm\u00e5ga avg\u00f6r hur mycket du kan f\u00e5 l\u00e5ma och vilken risk banken eller l\u00e5ngivaren \u00e4r villig att ta.<\/p>\n\n\n\n<p><strong>Grundl\u00e4ggande krav f\u00f6r att l\u00e5na pengar:<\/strong><\/p>\n\n\n\n<ul class=\"wp-block-list\">\n<li>Du ska ha fyllt 18 \u00e5r<\/li>\n\n\n\n<li>Vara en svensk medborgare<\/li>\n\n\n\n<li>Ha ett svenskt personnummer<\/li>\n\n\n\n<li>Ha en inkomst<\/li>\n\n\n\n<li>Ingen skuld hos Kronofogden<\/li>\n<\/ul>\n\n\n\n<p>Ovan \u00e4r grundkraven, som alla l\u00e5ngivare och banker m\u00e5ste f\u00f6lja f\u00f6r att du en ska kunna skicka in en godk\u00e4nd ans\u00f6kan. Sen \u00e4r det upp till varje l\u00e5ngivare om de vill erbjuda dig l\u00e5n eller inte. Vissa godk\u00e4nner betalningsanm\u00e4rkningar och andra inte. Vissa har krav p\u00e5 hur mycket du ska tj\u00e4na per m\u00e5nad och andra inte. Du kan urskilja dessa genom att l\u00e4sa v\u00e5r guide om <a href=\"https:\/\/borsvarlden.tacotech.se\/lan\/latta-lan\/\">l\u00e4tta l\u00e5n<\/a> d\u00e4r i g\u00e5r igenom dels villkoren men \u00e4ven hur enkelt det praktiskt \u00e4r att s\u00f6ka olika l\u00e5n.<\/p>\n\n\n\n<p><strong>Andra krav som \u00e4r vanligt vid l\u00e5n:<\/strong><\/p>\n\n\n\n<ul class=\"wp-block-list\">\n<li>Inte f\u00f6r m\u00e5nga betalningsanm\u00e4rkningar<\/li>\n\n\n\n<li>\u00d6ver 150 000 kr\/\u00e5r i inkomst<\/li>\n\n\n\n<li>Krav p\u00e5 kontantinsats (endast l\u00e5n med s\u00e4kerhet, som t.ex. <a href=\"https:\/\/borsvarlden.tacotech.se\/lan\/billan\/\">bill\u00e5n<\/a>)<\/li>\n<\/ul>\n\n\n\n<h2 class=\"wp-block-heading\">Varf\u00f6r \u00e4r det viktigt att g\u00f6ra en j\u00e4mf\u00f6relse innan man l\u00e5nar pengar?<\/h2>\n\n\n\n<p>Att j\u00e4mf\u00f6ra l\u00e5n \u00e4r det mest effektiva s\u00e4ttet att s\u00e4nka dina l\u00e5nekostnader. Eftersom r\u00e4ntan s\u00e4tts individuellt kan tv\u00e5 personer med liknande ekonomi f\u00e5 helt olika erbjudanden. N\u00e4r du anv\u00e4nder en j\u00e4mf\u00f6relsetj\u00e4nst skickas vanligtvis bara en kreditupplysning, vilket minskar p\u00e5verkan p\u00e5 ditt kreditbetyg.<\/p>\n\n\n\n<p>Enligt Finansinspektionens statistik ligger snittr\u00e4ntan p\u00e5 privatl\u00e5n runt 7 till 10 procent, men spridningen \u00e4r stor mellan olika akt\u00f6rer. En aktiv j\u00e4mf\u00f6relse \u00f6kar d\u00e4rf\u00f6r chanserna att hitta ett l\u00e5n med l\u00e4gre effektiv r\u00e4nta. Du kan antingen j\u00e4mf\u00f6ra l\u00e5n sj\u00e4lv eller anv\u00e4nda en <a href=\"https:\/\/borsvarlden.tacotech.se\/lan\/laneformedlare\/\">l\u00e5nef\u00f6rmedlare<\/a>.<\/p>\n\n\n\n<h3 class=\"wp-block-heading\">Det h\u00e4r ska du j\u00e4mf\u00f6ra mellan olika l\u00e5ngivare<\/h3>\n\n\n\n<p>Det finns en uppsj\u00f6 av olika l\u00e5ngivare i Sverige, vissa med b\u00e4ttre betyg \u00e4n andra. Innan du signerar ett kreditvillkor \u00e4r det viktigt att du har j\u00e4mf\u00f6rt, eller i alla fall \u00e4r medveten om, ett par punkter.<\/p>\n\n\n\n<p><strong>Det h\u00e4r rekommenderar vi att du ska kolla innan du tar ett l\u00e5n:<\/strong><\/p>\n\n\n\n<ul class=\"wp-block-list\">\n<li>Effektiv r\u00e4nta (ett b\u00e4ttre m\u00e5tt p\u00e5 alla avgifter \u00e4n bara r\u00e4nta)<\/li>\n\n\n\n<li>\u00c5terbetalningstiden<\/li>\n\n\n\n<li>M\u00f6jligt med meds\u00f6kande eller inte<\/li>\n<\/ul>\n\n\n\n<h3 class=\"wp-block-heading\">Exempel p\u00e5 besparing<\/h3>\n\n\n\n<p>Om du j\u00e4mf\u00f6r tio l\u00e5ngivare och v\u00e4ljer det <a href=\"https:\/\/borsvarlden.tacotech.se\/lan\/billiga-lan\/\">billigaste l\u00e5net<\/a> kan den effektiva r\u00e4ntan exempelvis minska fr\u00e5n 14 procent till 7,9 procent. P\u00e5 150 000 kr i 5 \u00e5r inneb\u00e4r det en besparing p\u00e5 \u00f6ver 20 000 kr i r\u00e4ntekostnader.<\/p>\n\n\n\n<h2 class=\"wp-block-heading\">Exempel p\u00e5 hur olika l\u00e5ngivare kan skilja sig \u00e5t<\/h2>\n\n\n\n<p>Ett exempel p\u00e5 hur olika l\u00e5ngivare kan erbjuder olika kreditupplysningsmetoder, godk\u00e4nna anm\u00e4rkningar, ha olika \u00e5lders- och inkomstkrav samt i slut\u00e4ndan olika effektiva r\u00e4ntor.<\/p>\n\n\n\n<figure class=\"wp-block-table is-style-borsvarlden-table\"><table class=\"has-fixed-layout\"><thead><tr><th>Kreditupplysning<\/th><th>Anm\u00e4rkningar<\/th><th>\u00c5lderskrav<\/th><th>Inkomstkrav<\/th><th>Effektiv r\u00e4nta<\/th><\/tr><\/thead><tbody><tr><td>UC<\/td><td>S\u00e4llan<\/td><td>20 till 23 \u00e5r<\/td><td>Fr\u00e5n 150 000 kr<\/td><td>5 till 20 procent<\/td><\/tr><tr><td>Bisnode<\/td><td>Ofta<\/td><td>18 \u00e5r<\/td><td>Fr\u00e5n 120 000 kr<\/td><td>8 till 28 procent<\/td><\/tr><tr><td>Creditsafe<\/td><td>Vanligt<\/td><td>18 \u00e5r<\/td><td>Varierar<\/td><td>10 till 33 procent<\/td><\/tr><\/tbody><\/table><\/figure>\n\n\n\n<p>Denna typ av j\u00e4mf\u00f6relse g\u00f6r det enklare att s\u00e5lla fram l\u00e5ngivare som passar din profil. I v\u00e5r topplista kan du filtrera p\u00e5 kreditupplysning, inkomstkrav och om du vill ans\u00f6ka trots betalningsanm\u00e4rkningar.<\/p>\n\n\n\n<h2 class=\"wp-block-heading\">Lager f\u00f6r att l\u00e5na pengar<\/h2>\n\n\n\n<p>Konsumentkreditlagen styr hur privatl\u00e5n f\u00e5r erbjudas. L\u00e5ngivare m\u00e5ste visa effektiv r\u00e4nta, genomf\u00f6ra en korrekt kreditpr\u00f6vning och l\u00e4mna tydliga avtalsvillkor. Du har r\u00e4tt till:<\/p>\n\n\n\n<ul class=\"wp-block-list\">\n<li>14 dagars \u00e5ngerr\u00e4tt<\/li>\n\n\n\n<li>M\u00f6jlighet att l\u00f6sa l\u00e5net i f\u00f6rtid<\/li>\n\n\n\n<li>Tydlig information om kreditpr\u00f6vningen<\/li>\n<\/ul>\n\n\n\n<p>Enligt Skatteverket g\u00e4ller 30 procent r\u00e4nteavdrag upp till 100 000 kr och 21 procent p\u00e5 belopp \u00f6ver det. Fr\u00e5n 2025 b\u00f6rjar ett avtrappat avdrag inf\u00f6ras f\u00f6r l\u00e5n utan s\u00e4kerhet.<\/p>\n\n\n\n<h2 class=\"wp-block-heading\">Risker n\u00e4r du l\u00e5nar pengar<\/h2>\n\n\n\n<p>Om du inte betalar i tid tillkommer p\u00e5minnelseavgifter och inkassokrav. Fortsatta uteblivna betalningar kan leda till Kronofogden och betalningsanm\u00e4rkningar som g\u00f6r framtida l\u00e5n och avtal betydligt sv\u00e5rare. D\u00e4rf\u00f6r b\u00f6r du alltid g\u00f6ra en realistisk kalkyl innan du l\u00e5nar. Anv\u00e4nd g\u00e4rna v\u00e5r kalkylator f\u00f6r att se m\u00e5nadskostnader f\u00f6r olika belopp.<\/p>\n\n\n\n<h2 class=\"wp-block-heading\">Vanliga fr\u00e5gor<\/h2>\n\n\n\n<div class=\"schema-faq wp-block-yoast-faq-block\"><div class=\"schema-faq-section\" id=\"faq-question-1765270340106\"><strong class=\"schema-faq-question\">Vad \u00e4r viktigt att t\u00e4nka p\u00e5 n\u00e4r man l\u00e5nar pengar?<\/strong> <p class=\"schema-faq-answer\">Det viktigaste n\u00e4r du l\u00e5nar pengar \u00e4r att du har en plan f\u00f6r \u00e5terbetalningen. Att l\u00e5na pengar \u00e4r inget konstigt eller ovanligt men att l\u00e5na mer pengar \u00e4n vad du klara betala tillbaka kan leda till stora problem med din ekonomi.<\/p> <\/div> <div class=\"schema-faq-section\" id=\"faq-question-1765270776589\"><strong class=\"schema-faq-question\">Om man ska j\u00e4mf\u00f6ra l\u00e5n, vad \u00e4r viktigt att t\u00e4nka p\u00e5?<\/strong> <p class=\"schema-faq-answer\">Vi rekommenderar att du kollar p\u00e5 avgifter och r\u00e4nta. Det \u00e4r kostnaderna som ditt l\u00e5n kommer att kosta dig ut\u00f6ver beloppet du f\u00e5r inbetalat p\u00e5 kontot.<\/p> <\/div> <div class=\"schema-faq-section\" id=\"faq-question-1772179152687\"><strong class=\"schema-faq-question\">\u00c4r det bara risker att l\u00e5na pengar?<\/strong> <p class=\"schema-faq-answer\">Nej, men alla krediter kommer med en risk och du b\u00f6r vara f\u00f6rsiktig.<\/p> <\/div> <\/div>\n","protected":false},"excerpt":{"rendered":"<p>J\u00e4mf\u00f6r l\u00e5n innan du l\u00e5nar pengar Att l\u00e5na pengar inneb\u00e4r att du ing\u00e5r ett kreditavtal som innefattar att en summa pengar betalas ut till dig, och du tar p\u00e5 dig avsar att betala tillbaka beloppet genom amortering och r\u00e4nta enligt en best\u00e4md plan. F\u00f6r privatl\u00e5n g\u00f6rs en kreditpr\u00f6vning enligt Konsumentkreditlagen, d\u00e4r l\u00e5ngivaren bed\u00f6mer din inkomst,&hellip;&nbsp;<\/p>\n","protected":false},"author":2,"featured_media":0,"parent":0,"menu_order":0,"comment_status":"closed","ping_status":"closed","template":"","meta":{"_acf_changed":false,"neve_meta_sidebar":"","neve_meta_container":"","neve_meta_enable_content_width":"","neve_meta_content_width":0,"neve_meta_title_alignment":"","neve_meta_author_avatar":"","neve_post_elements_order":"","neve_meta_disable_header":"","neve_meta_disable_footer":"","neve_meta_disable_title":"","footnotes":""},"class_list":["post-15","page","type-page","status-publish","hentry"],"acf":[],"yoast_head":"<!-- This site is optimized with the Yoast SEO plugin v27.3 - https:\/\/yoast.com\/product\/yoast-seo-wordpress\/ -->\n<title>L\u00e5na pengar - J\u00e4mf\u00f6r l\u00e5n med bra villkor f\u00f6r privatpersoner<\/title>\n<meta name=\"description\" content=\"Vi hj\u00e4lper dig att l\u00e5na pengar med bra villkor f\u00f6r privatpersoner. Du kan j\u00e4mf\u00f6ra l\u00e5n enkelt genom listor och tabeller.\" \/>\n<meta property=\"og:locale\" content=\"sv_SE\" \/>\n<meta property=\"og:type\" content=\"article\" \/>\n<meta property=\"og:title\" content=\"L\u00e5na pengar - J\u00e4mf\u00f6r l\u00e5n med bra villkor f\u00f6r privatpersoner\" \/>\n<meta property=\"og:description\" content=\"Vi hj\u00e4lper dig att l\u00e5na pengar med bra villkor f\u00f6r privatpersoner. Du kan j\u00e4mf\u00f6ra l\u00e5n enkelt genom listor och tabeller.\" \/>\n<meta property=\"og:url\" content=\"https:\/\/borsvarlden.tacotech.se\/lan\/\" \/>\n<meta property=\"og:site_name\" content=\"Borsvarlden\" \/>\n<meta property=\"article:modified_time\" content=\"2026-04-07T10:52:33+00:00\" \/>\n<meta name=\"twitter:card\" content=\"summary_large_image\" \/>\n<meta name=\"twitter:label1\" content=\"Ber\u00e4knad l\u00e4stid\" \/>\n\t<meta name=\"twitter:data1\" content=\"6 minuter\" \/>\n<script type=\"application\/ld+json\" class=\"yoast-schema-graph\">{\"@context\":\"https:\\\/\\\/schema.org\",\"@graph\":[{\"@type\":[\"WebPage\",\"FAQPage\"],\"@id\":\"https:\\\/\\\/borsvarlden.tacotech.se\\\/lan\\\/\",\"url\":\"https:\\\/\\\/borsvarlden.tacotech.se\\\/lan\\\/\",\"name\":\"L\u00e5na pengar - J\u00e4mf\u00f6r l\u00e5n med bra villkor f\u00f6r privatpersoner\",\"isPartOf\":{\"@id\":\"https:\\\/\\\/borsvarlden.tacotech.se\\\/#website\"},\"datePublished\":\"2025-10-22T10:41:49+00:00\",\"dateModified\":\"2026-04-07T10:52:33+00:00\",\"description\":\"Vi hj\u00e4lper dig att l\u00e5na pengar med bra villkor f\u00f6r privatpersoner. Du kan j\u00e4mf\u00f6ra l\u00e5n enkelt genom listor och tabeller.\",\"breadcrumb\":{\"@id\":\"https:\\\/\\\/borsvarlden.tacotech.se\\\/lan\\\/#breadcrumb\"},\"mainEntity\":[{\"@id\":\"https:\\\/\\\/borsvarlden.tacotech.se\\\/lan\\\/#faq-question-1765270340106\"},{\"@id\":\"https:\\\/\\\/borsvarlden.tacotech.se\\\/lan\\\/#faq-question-1765270776589\"},{\"@id\":\"https:\\\/\\\/borsvarlden.tacotech.se\\\/lan\\\/#faq-question-1772179152687\"}],\"inLanguage\":\"sv-SE\",\"potentialAction\":[{\"@type\":\"ReadAction\",\"target\":[\"https:\\\/\\\/borsvarlden.tacotech.se\\\/lan\\\/\"]}]},{\"@type\":\"BreadcrumbList\",\"@id\":\"https:\\\/\\\/borsvarlden.tacotech.se\\\/lan\\\/#breadcrumb\",\"itemListElement\":[{\"@type\":\"ListItem\",\"position\":1,\"name\":\"B\u00f6rsv\u00e4rlden\",\"item\":\"https:\\\/\\\/borsvarlden.com\\\/\"},{\"@type\":\"ListItem\",\"position\":2,\"name\":\"Privatekonomi\",\"item\":\"https:\\\/\\\/borsvarlden.tacotech.se\\\/\"},{\"@type\":\"ListItem\",\"position\":3,\"name\":\"L\u00e5n\"}]},{\"@type\":\"WebSite\",\"@id\":\"https:\\\/\\\/borsvarlden.tacotech.se\\\/#website\",\"url\":\"https:\\\/\\\/borsvarlden.tacotech.se\\\/\",\"name\":\"Borsvarlden\",\"description\":\"\",\"potentialAction\":[{\"@type\":\"SearchAction\",\"target\":{\"@type\":\"EntryPoint\",\"urlTemplate\":\"https:\\\/\\\/borsvarlden.tacotech.se\\\/?s={search_term_string}\"},\"query-input\":{\"@type\":\"PropertyValueSpecification\",\"valueRequired\":true,\"valueName\":\"search_term_string\"}}],\"inLanguage\":\"sv-SE\"},{\"@type\":\"Question\",\"@id\":\"https:\\\/\\\/borsvarlden.tacotech.se\\\/lan\\\/#faq-question-1765270340106\",\"position\":1,\"url\":\"https:\\\/\\\/borsvarlden.tacotech.se\\\/lan\\\/#faq-question-1765270340106\",\"name\":\"Vad \u00e4r viktigt att t\u00e4nka p\u00e5 n\u00e4r man l\u00e5nar pengar?\",\"answerCount\":1,\"acceptedAnswer\":{\"@type\":\"Answer\",\"text\":\"Det viktigaste n\u00e4r du l\u00e5nar pengar \u00e4r att du har en plan f\u00f6r \u00e5terbetalningen. Att l\u00e5na pengar \u00e4r inget konstigt eller ovanligt men att l\u00e5na mer pengar \u00e4n vad du klara betala tillbaka kan leda till stora problem med din ekonomi.\",\"inLanguage\":\"sv-SE\"},\"inLanguage\":\"sv-SE\"},{\"@type\":\"Question\",\"@id\":\"https:\\\/\\\/borsvarlden.tacotech.se\\\/lan\\\/#faq-question-1765270776589\",\"position\":2,\"url\":\"https:\\\/\\\/borsvarlden.tacotech.se\\\/lan\\\/#faq-question-1765270776589\",\"name\":\"Om man ska j\u00e4mf\u00f6ra l\u00e5n, vad \u00e4r viktigt att t\u00e4nka p\u00e5?\",\"answerCount\":1,\"acceptedAnswer\":{\"@type\":\"Answer\",\"text\":\"Vi rekommenderar att du kollar p\u00e5 avgifter och r\u00e4nta. Det \u00e4r kostnaderna som ditt l\u00e5n kommer att kosta dig ut\u00f6ver beloppet du f\u00e5r inbetalat p\u00e5 kontot.\",\"inLanguage\":\"sv-SE\"},\"inLanguage\":\"sv-SE\"},{\"@type\":\"Question\",\"@id\":\"https:\\\/\\\/borsvarlden.tacotech.se\\\/lan\\\/#faq-question-1772179152687\",\"position\":3,\"url\":\"https:\\\/\\\/borsvarlden.tacotech.se\\\/lan\\\/#faq-question-1772179152687\",\"name\":\"\u00c4r det bara risker att l\u00e5na pengar?\",\"answerCount\":1,\"acceptedAnswer\":{\"@type\":\"Answer\",\"text\":\"Nej, men alla krediter kommer med en risk och du b\u00f6r vara f\u00f6rsiktig.\",\"inLanguage\":\"sv-SE\"},\"inLanguage\":\"sv-SE\"}]}<\/script>\n<!-- \/ Yoast SEO plugin. -->","yoast_head_json":{"title":"L\u00e5na pengar - J\u00e4mf\u00f6r l\u00e5n med bra villkor f\u00f6r privatpersoner","description":"Vi hj\u00e4lper dig att l\u00e5na pengar med bra villkor f\u00f6r privatpersoner. Du kan j\u00e4mf\u00f6ra l\u00e5n enkelt genom listor och tabeller.","og_locale":"sv_SE","og_type":"article","og_title":"L\u00e5na pengar - J\u00e4mf\u00f6r l\u00e5n med bra villkor f\u00f6r privatpersoner","og_description":"Vi hj\u00e4lper dig att l\u00e5na pengar med bra villkor f\u00f6r privatpersoner. Du kan j\u00e4mf\u00f6ra l\u00e5n enkelt genom listor och tabeller.","og_url":"https:\/\/borsvarlden.tacotech.se\/lan\/","og_site_name":"Borsvarlden","article_modified_time":"2026-04-07T10:52:33+00:00","twitter_card":"summary_large_image","twitter_misc":{"Ber\u00e4knad l\u00e4stid":"6 minuter"},"schema":{"@context":"https:\/\/schema.org","@graph":[{"@type":["WebPage","FAQPage"],"@id":"https:\/\/borsvarlden.tacotech.se\/lan\/","url":"https:\/\/borsvarlden.tacotech.se\/lan\/","name":"L\u00e5na pengar - J\u00e4mf\u00f6r l\u00e5n med bra villkor f\u00f6r privatpersoner","isPartOf":{"@id":"https:\/\/borsvarlden.tacotech.se\/#website"},"datePublished":"2025-10-22T10:41:49+00:00","dateModified":"2026-04-07T10:52:33+00:00","description":"Vi hj\u00e4lper dig att l\u00e5na pengar med bra villkor f\u00f6r privatpersoner. Du kan j\u00e4mf\u00f6ra l\u00e5n enkelt genom listor och tabeller.","breadcrumb":{"@id":"https:\/\/borsvarlden.tacotech.se\/lan\/#breadcrumb"},"mainEntity":[{"@id":"https:\/\/borsvarlden.tacotech.se\/lan\/#faq-question-1765270340106"},{"@id":"https:\/\/borsvarlden.tacotech.se\/lan\/#faq-question-1765270776589"},{"@id":"https:\/\/borsvarlden.tacotech.se\/lan\/#faq-question-1772179152687"}],"inLanguage":"sv-SE","potentialAction":[{"@type":"ReadAction","target":["https:\/\/borsvarlden.tacotech.se\/lan\/"]}]},{"@type":"BreadcrumbList","@id":"https:\/\/borsvarlden.tacotech.se\/lan\/#breadcrumb","itemListElement":[{"@type":"ListItem","position":1,"name":"B\u00f6rsv\u00e4rlden","item":"https:\/\/borsvarlden.com\/"},{"@type":"ListItem","position":2,"name":"Privatekonomi","item":"https:\/\/borsvarlden.tacotech.se\/"},{"@type":"ListItem","position":3,"name":"L\u00e5n"}]},{"@type":"WebSite","@id":"https:\/\/borsvarlden.tacotech.se\/#website","url":"https:\/\/borsvarlden.tacotech.se\/","name":"Borsvarlden","description":"","potentialAction":[{"@type":"SearchAction","target":{"@type":"EntryPoint","urlTemplate":"https:\/\/borsvarlden.tacotech.se\/?s={search_term_string}"},"query-input":{"@type":"PropertyValueSpecification","valueRequired":true,"valueName":"search_term_string"}}],"inLanguage":"sv-SE"},{"@type":"Question","@id":"https:\/\/borsvarlden.tacotech.se\/lan\/#faq-question-1765270340106","position":1,"url":"https:\/\/borsvarlden.tacotech.se\/lan\/#faq-question-1765270340106","name":"Vad \u00e4r viktigt att t\u00e4nka p\u00e5 n\u00e4r man l\u00e5nar pengar?","answerCount":1,"acceptedAnswer":{"@type":"Answer","text":"Det viktigaste n\u00e4r du l\u00e5nar pengar \u00e4r att du har en plan f\u00f6r \u00e5terbetalningen. Att l\u00e5na pengar \u00e4r inget konstigt eller ovanligt men att l\u00e5na mer pengar \u00e4n vad du klara betala tillbaka kan leda till stora problem med din ekonomi.","inLanguage":"sv-SE"},"inLanguage":"sv-SE"},{"@type":"Question","@id":"https:\/\/borsvarlden.tacotech.se\/lan\/#faq-question-1765270776589","position":2,"url":"https:\/\/borsvarlden.tacotech.se\/lan\/#faq-question-1765270776589","name":"Om man ska j\u00e4mf\u00f6ra l\u00e5n, vad \u00e4r viktigt att t\u00e4nka p\u00e5?","answerCount":1,"acceptedAnswer":{"@type":"Answer","text":"Vi rekommenderar att du kollar p\u00e5 avgifter och r\u00e4nta. Det \u00e4r kostnaderna som ditt l\u00e5n kommer att kosta dig ut\u00f6ver beloppet du f\u00e5r inbetalat p\u00e5 kontot.","inLanguage":"sv-SE"},"inLanguage":"sv-SE"},{"@type":"Question","@id":"https:\/\/borsvarlden.tacotech.se\/lan\/#faq-question-1772179152687","position":3,"url":"https:\/\/borsvarlden.tacotech.se\/lan\/#faq-question-1772179152687","name":"\u00c4r det bara risker att l\u00e5na pengar?","answerCount":1,"acceptedAnswer":{"@type":"Answer","text":"Nej, men alla krediter kommer med en risk och du b\u00f6r vara f\u00f6rsiktig.","inLanguage":"sv-SE"},"inLanguage":"sv-SE"}]}},"_links":{"self":[{"href":"https:\/\/borsvarlden.tacotech.se\/wp-json\/wp\/v2\/pages\/15","targetHints":{"allow":["GET"]}}],"collection":[{"href":"https:\/\/borsvarlden.tacotech.se\/wp-json\/wp\/v2\/pages"}],"about":[{"href":"https:\/\/borsvarlden.tacotech.se\/wp-json\/wp\/v2\/types\/page"}],"author":[{"embeddable":true,"href":"https:\/\/borsvarlden.tacotech.se\/wp-json\/wp\/v2\/users\/2"}],"replies":[{"embeddable":true,"href":"https:\/\/borsvarlden.tacotech.se\/wp-json\/wp\/v2\/comments?post=15"}],"version-history":[{"count":38,"href":"https:\/\/borsvarlden.tacotech.se\/wp-json\/wp\/v2\/pages\/15\/revisions"}],"predecessor-version":[{"id":849,"href":"https:\/\/borsvarlden.tacotech.se\/wp-json\/wp\/v2\/pages\/15\/revisions\/849"}],"wp:attachment":[{"href":"https:\/\/borsvarlden.tacotech.se\/wp-json\/wp\/v2\/media?parent=15"}],"curies":[{"name":"wp","href":"https:\/\/api.w.org\/{rel}","templated":true}]}}